me number?
True
Let n = -14504 - -90925. Is n a prime number?
True
Suppose 4*z + b - 10011 = 0, -z + b - 5*b = -2514. Suppose 2*m - 5*l - 20183 = 0, 0 = -m + 3*l + 7592 + z. Is m a prime number?
True
Let m(i) = 41556*i - 683. Is m(1) prime?
False
Let l(v) be the first derivative of 767*v**2 - 9*v + 51. Is l(3) a composite number?
True
Let c be (33/(-9))/(3/(-9)). Suppose -10*j - 3833 = -c*j. Is j prime?
True
Suppose 4*r - 630896 = 4*f, -630893 = -4*r - 971*f + 974*f. Is r composite?
False
Suppose 27*u + 5643 = -9968 + 2057. Let v(q) = 388*q + 7. Let c be v(6). Let x = c - u. Is x a composite number?
False
Let l(n) = -2*n + 4037. Suppose 0 = -17*k - 2*k + 2*k. Is l(k) a composite number?
True
Let d(r) = 28*r**2 - 36*r - 133. Is d(-30) prime?
False
Suppose 177347346 = 2*m - 9*m + 73*m. Is m a composite number?
False
Let j(b) = -25*b**2 - 39*b - 57. Let c be j(-25). Let w = -6606 - c. Is w a prime number?
True
Suppose -8*j + 12222727 + 9390693 = 12*j. Is j a composite number?
True
Suppose -4*v = -d - 1925, 46*v + 10 = 44*v. Suppose 0 = 3*h - 4*h. Is h - d - 1/(1/2) a prime number?
False
Let b be (-19)/(3 - 28/9). Let l be 1/((-6)/(-1821)) + (-3)/2. Let z = b + l. Is z composite?
True
Let i = -20907 + 62774. Is i a composite number?
True
Suppose -28*d + 33*d - 20 = 0. Suppose -d*t - 8 = -24. Is ((-422)/t)/(8/(-16)) a composite number?
False
Suppose 0 = -28*l + 188 - 104. Suppose -l*m + 77041 = -11144. Is m composite?
True
Suppose -442*r + 151888174 = 4044920. Is r a composite number?
False
Let a(o) = -6488*o - 3961. Is a(-3) a prime number?
False
Suppose a + 0*y + 6 = -3*y, 2*a - 3*y - 24 = 0. Let c be 451 + 2 + a + -4. Let w = 1366 - c. Is w a composite number?
False
Let b = 9522 + 8091. Let x = -11804 + b. Is x prime?
False
Let g be (-9)/(-27) + -1 + 59456/(-6). Let z = 16808 + g. Is z prime?
False
Suppose 21*a + 63820 = 17*a. Let o = a + 39950. Is o composite?
True
Suppose 76*l = 84*l - 372376. Let h = l - 25198. Is h composite?
True
Suppose -6135 = -14*j + 837. Let f = j + -179. Is f composite?
True
Suppose 0 = -d - h + 78866, 3*d - 82*h = -86*h + 236593. Is d a prime number?
False
Let m(a) be the first derivative of a**4/4 + 8*a**3/3 + 9*a**2/2 - 9*a - 3. Let v(z) = z**2 - 15*z - 8. Let w be v(16). Is m(w) a composite number?
False
Let v(g) = g**3 + 18*g**2 + 3*g - 21. Let a be 57/(-12) + -3 + (-11)/(-4). Is v(a) a composite number?
True
Suppose -z + 2*k = 3*z + 16, -5*k = -3*z - 26. Is (-4317)/(-24) + z - (-9)/72 prime?
False
Let h = -32685 - -247696. Is h prime?
False
Let w(u) = 22*u**2 - 22*u - 27. Let o be w(16). Suppose 23*l = 22*l - o. Is 4/(-12)*1*l composite?
True
Suppose -14*k - 25605 = -139705. Suppose -25 = 5*z, -z - k = -2*a - 3103. Is a a prime number?
True
Suppose -535*l + 623985 = -530*l - 5*k, -5*l - 5*k = -623905. Is l a composite number?
True
Let l = 68 + -66. Suppose -2*n - 322 = -4*m, -l*n + 296 = 5*m - 129. Suppose 0 = 3*t - m - 352. Is t composite?
True
Let z = 2511 + -1710. Let b = z + 412. Is b composite?
False
Let q = 490 + -1599. Let o = q + 2943. Suppose v + w - o = 6*w, 0 = -v + 3*w + 1828. Is v a prime number?
False
Let i = 13 + -32. Let s = 23 + i. Suppose -s*v - 5*j = -8719, -3*v - j = -861 - 5681. Is v prime?
False
Let n(o) = -34*o**3 + 7*o**2 - 22*o - 36. Let m be n(-13). Let f = m + -39082. Is f prime?
True
Let p(h) = 593*h**2 - 10*h - 43. Let i be p(-3). Suppose -2*y + 13828 = -3*s, 5*s + i + 8508 = 2*y. Is y prime?
True
Let u(o) = -4268*o + 1591. Is u(-3) a prime number?
False
Is 11 + 231114/9 - (-8)/12 prime?
False
Suppose 3*h - 456 - 2573 = 2*s, 1021 = h + 5*s. Let f = h - -58. Is f composite?
False
Let t(p) = p + 9. Let m be t(7). Let x(c) = -c**2 - c. Let r(a) = a**3 - 29*a**2 + 19. Let w(f) = -r(f) + 5*x(f). Is w(m) a composite number?
False
Suppose 57357*r + 718830 = 57378*r - 1004577. Is r composite?
False
Suppose -p - 2 = 4*p + x, -5*p + 3*x = 14. Let d be (-39)/(p + 68/69). Suppose t = 10*t - d. Is t a composite number?
True
Suppose -466*t + 359210 = c - 467*t, -t - 1436831 = -4*c. Is c composite?
False
Suppose 5*g - 96*x + 92*x = 476575, 0 = -5*g - x + 476550. Is g composite?
False
Let d = -46 - -22. Let p be ((-1)/(-2))/(-2 - 54/d). Suppose 2439 = 5*x - z, 0*x + 5*z + 994 = p*x. Is x a composite number?
False
Let w(z) = 345*z**2 + 7*z - 19. Let t(x) = -4*x**3 - 5*x - 4. Let k be t(-1). Is w(k) a prime number?
True
Suppose -3*p + j + 83605 = 0, -p - j = 2*p - 83609. Let v = -16386 + p. Is v a prime number?
True
Suppose -11*f = -1405 - 1158. Suppose -f*z + 37055 = -228*z. Is z prime?
True
Let i be 3 + -3 - 2 - 20. Let a be 18/i - 8/44. Is (-4)/12*a*2994 composite?
True
Let y be 597411/(2 + 7) + 7. Let u = y - 38173. Is u a composite number?
True
Let y be (-2)/13 - 1388810/(-130). Suppose -15*f = -24*f + y. Is f a prime number?
True
Let p = 120451 + -67962. Is p prime?
True
Suppose -1184*p = -1058*p - 72614682. Is p composite?
True
Is ((-32594)/(-8) - 1) + 200/(-800) a composite number?
False
Is 5/(-2 + 1682470/841210) a composite number?
False
Let t(h) = 26*h**2 - 27*h - 24. Is t(-27) composite?
True
Let a = 52 - 60. Let f(m) = 4176*m - 5. Let c(r) = -2784*r + 3. Let j(g) = a*c(g) - 5*f(g). Is j(1) a prime number?
False
Suppose 1795214 + 6101511 = 5*o + 14*a, -4*o = a - 6317329. Is o prime?
False
Is (-1067137)/3*3714/(-619) composite?
True
Let g be -16*(1 - 5) + -1. Suppose 11*t - 1709 = -433. Let q = t - g. Is q prime?
True
Let f(n) = 10*n + 17. Let c be f(-2). Is c + -2 + 4 + 6780 composite?
False
Let k(s) = -3*s - 7. Let g(o) = -8*o + 26. Let l be g(4). Let d be k(l). Let f(w) = 16*w**2 + 2*w - 45. Is f(d) a prime number?
True
Let m = -27417 - -38540. Suppose -5*i + 10122 = 4*h - m, 0 = -4*i - h + 16996. Is i a prime number?
False
Suppose 8 = 17*j + 25. Let l be 16/40*(j - 9). Is (-6)/(-2) + (29024/(-4))/l composite?
True
Let s = -670448 - -1205571. Is s prime?
True
Suppose -5*s + 5 = t + 23, 0 = -t + s - 6. Let c(k) = -14*k - 58. Let b be c(-7). Is (-10)/b + (-698)/t composite?
True
Let n be 5/(-4 - 6)*0. Suppose n = 5*z - 18*z + 35971. Is z composite?
False
Let x be 4/10*330/(-77)*21. Is 1555*1 - -3*x/(-27) composite?
False
Let t(a) = 798*a + 30. Let n be t(15). Suppose 2*i - n = -5*x, -10*i - 3*x = -14*i + 24026. Is i prime?
False
Suppose -2*f + 4089 = -3*i, -6*f = i - 4*f + 1355. Let w = -960 - i. Is w composite?
False
Let v(y) = 39*y + 2. Let i be v(2). Suppose -i*r = -83*r. Suppose 4*u - 266 - 2 = r. Is u prime?
True
Suppose 3*g = 2*j + 44, 7*j - 10*j - 21 = -2*g. Is (-126378)/(-567) + 2/g a prime number?
True
Suppose 3*a + 9*a = 84. Suppose 0 = -a*i + 12*i - 17735. Is i a composite number?
False
Suppose 16*k + 11*k + 2*k - 342026 = 0. Is k a prime number?
False
Let f(j) = j**3 + 5*j**2 - 6*j + 7. Let y be (1 - -4)/(4/(-4)). Is f(y) prime?
True
Let q = -60 + 53. Is ((-4951)/2)/(q/28) composite?
True
Let g(h) = -262*h**3 + 8*h**2 - 51*h - 311. Is g(-8) composite?
False
Suppose 2*x - 29938 - 24154 = 0. Let c = x - 14057. Is c a prime number?
False
Suppose -16*z + 11*z = c - 13910, -6*c = z - 83315. Is c a prime number?
False
Let j = -164 - -3093. Is j a prime number?
False
Suppose 217*y - 2 = 219*y, -4*c - 3*y + 115601 = 0. Is c composite?
False
Let f(m) = 50038*m**2 + 7*m - 125. Is f(6) a prime number?
False
Suppose -4*p - 4*t = 2552, -2*p + 3*t = -6*p - 2554. Let f = p - -1033. Let a = 944 - f. Is a a composite number?
True
Let k(s) = -s**3 - 25*s**2 - 25*s - 22. Let n be k(-24). Suppose n*i - 6*i = -16436. Is i a composite number?
True
Suppose 86012 - 26218 = 7*s. Suppose l = 4*b - 6833, 0 = -4*b - b + l + s. Is b prime?
True
Suppose c = -2*n - 127564 + 698033, 3*n - 855700 = -5*c. Is n a composite number?
True
Let n = 443 + -450. Is 33602*n/28*-2 prime?
False
Let l = -54 + 80. Suppose 4*b - l + 10 = 0. Is -1126*(4/((-16)/(-14)) - b) a composite number?
False
Let b = -213864 - -361717. Is b a prime number?
True
Let c(a) = 77*a**2 + 240*a - 56. Is c(-33) prime?
False
Suppose -u - 2*y = -y - 3, -4*y - 3 = u. Suppose 4*w = u*j - 36, w = -4*j - w + 8. Suppose -4*t + j*f = -1584, 0*t + 1960 = 5*t - f. Is t composite?
True
Is 313577 + ((-57)/(-3) - 13) composite?
False
Suppose -20 = -5*k, 0 = -f - 2*k + 9205 + 20708. Suppose -13*o = -314202 + f. Is o a prime number?
False
Let j(u) = -u - 3